*2. Suppose -5*b + 2*v - 4*v = 631, 5*b + 645 = 5*v. Let i = b + 129. Calculate x(i).
28
Let b(x) be the third derivative of -3*x**6/40 - x**4/24 + x**3/6 + x**2. Let r be 11 - (8 - 4) - 32/4 - -2. What is b(r)?
-9
Let i(g) be the third derivative of -2*g - 1/24*g**4 + 1/12*g**5 - 6*g**2 + 0 + 1/6*g**3. Calculate i(1).
5
Let m(c) be the second derivative of -1/12*c**4 + 3*c**2 - 6*c + 1/3*c**3 - 2. Let g be (-1)/(-3 + (-34)/(-12)). Give m(g).
-18
Let i(w) = -3*w**3 - 3*w**2 - 7*w - 1. Let q(y) = y**3 + y**2 + y. Let z(x) = i(x) + 4*q(x). Let u be (-3)/(18/8) + 70/(-105). Determine z(u).
1
Let b be 4*(4 - 14/8). Let i(a) = 7 - 5 + 1 - a + 3. Let c be i(b). Let h(y) = -4*y - 4. Give h(c).
8
Let x(y) = y**2 + 6*y + 8. Let z be (1 - (-6)/4)*-2. Let u be x(z). Let q(h) = -3*h**2 + 6*h**2 + h**3 - h**2 + 2 - u + 2*h. Give q(-2).
-5
Let w be 72/60 - (-6)/(-5). Let g(k) = -k**2 + k - 70. Calculate g(w).
-70
Suppose -432*o = -428*o + 4. Let q(t) = -9*t + 3. What is q(o)?
12
Let w(i) = -4*i - 8 + i**2 - 4*i + 8 + 10 - 6*i. Calculate w(14).
10
Let a(n) be the third derivative of n**5/60 - 13*n**4/24 - 14*n**3/3 - 206*n**2. Determine a(16).
20
Let f(n) = -1639276*n**2 - 9*n + 1639275*n**2 - 9094 + 9085. Let b be 11/(-2) - (-2)/(-4). Determine f(b).
9
Let a(k) = -k**2 + k + 1. Let s(t) = -t**2 - 10*t - 17. Suppose -10*r + 8*r + 3*l = 5, 5*r + 32 = l. Let q be s(r). What is a(q)?
-11
Suppose 12*u + 2*k = 10*u + 10, 3*k = 5*u - 25. Let l be -4*1*(-4)/8. Let p(c) = 11*c**2 + 3 - 6*c**l - 6*c**2 + 4*c. Determine p(u).
-2
Let s(z) = -26*z**2 + 116*z - 74. Let d(l) = -14*l**2 + 65*l - 37. Let v(x) = 11*d(x) - 6*s(x). What is v(-7)?
2
Let j(u) = -307*u + 71. Let h(l) = 369*l - 72. Let g(x) = 5*h(x) + 6*j(x). Give g(-23).
-3
Let b(i) = -3*i**2 - 24*i - 32. Let v = -28358 + 28351. What is b(v)?
-11
Let m(k) = 6*k + 3. Let q(x) = -x - 1. Suppose -25 = 5*p + 5. Let d be 25/4 + p + (-7)/(-4). Let l(s) = d*m(s) + 9*q(s). Calculate l(2).
3
Let w(s) = -2*s**2 - 3*s + 19. Let a(n) = -7*n**3 + 124*n**2 + 37*n - 21. Let c be a(18). Calculate w(c).
10
Let n(b) = b**2 - 5*b + 6. Let u be n(4). Let s = u + -2. Let h(z) be the first derivative of z**4/4 + 6*z - 691. What is h(s)?
6
Let x(i) = 2*i + 1. Let w(l) = l**3 - 4*l**2 - 2*l + 6. Suppose -4*f + 22 = -3*o, -4*o = -2*f + 18 - 2. Let m be w(f). Let y be (3/m)/(15/40). Determine x(y).
-7
Let o(m) = m**3 + 2*m**2 + m - 2. Let y be o(0). Let v(t) = -3*t**3 + t**2 + 3*t + 2. Give v(y).
24
Let o(l) = -2*l + 3. Let p(c) = -c + 1. Let d be 6/(-4)*40/60. Let g(w) = d*o(w) + 6*p(w). Calculate g(2).
-5
Suppose -18*p - 12*p + 180 = 0. Let r(w) = -w - p + 1 + 4 + 2*w. Give r(-9).
-10
Suppose 3*j + 8 + 10 = f, 4*f = 3*j + 36. Let p(g) = -g**3 - 8*g**2 - 18*g - 1. Determine p(j).
7
Suppose -3*d + 0*o + o + 14 = 0, -4*o = -16. Let a(n) = 5 + 0 - 110*n**3 + d + 111*n**3. Give a(0).
11
Let p(n) = 89*n + 266. Let j(x) = 67*x + 177. Let d(w) = -7*j(w) + 5*p(w). Calculate d(4).
-5
Let w(m) = -479*m + m**2 + 39 + 163*m + 153*m + 147*m. Determine w(12).
-9
Let t be (1 - (-20)/(-12))/(235/45 - 5). Let h(j) = 3*j**2 + 12*j + 14. Determine h(t).
5
Let k(i) = -2*i**3 - 19*i**2 - 276*i**2 + 296*i**2 + i - 15. Determine k(0).
-15
Let z(l) = l**3 + 17*l**2 - l - 15. Let t be z(-17). Let x(j) = 0*j + 75 - 4*j - j**3 + j**2 + 5*j**t - 74. Determine x(5).
6
Let g(a) = -138 + 28 + 75 - a + 31. Determine g(-3).
-1
Let m(d) = -d**3 - 2*d**2 + d - 1. Suppose 13*t - 17*t + 3*a + 6 = 0, -4*t - 4*a = -20. Determine m(t).
-43
Let p(v) be the third derivative of 19*v**2 + 0*v - 1/12*v**4 - 1/60*v**5 - 1/6*v**3 + 0. Give p(-4).
-9
Let k be (2/(-6))/(1064/(-264) + 4). Let q(f) = -k*f + 38 + 18*f - 2*f. Let w be q(-9). Let x(b) = b**2 + 6*b - 5. Determine x(w).
2
Suppose -20 = 4*w + y + y, 3*w + 41 = 5*y. Let m(p) be the third derivative of -p**5/60 - 7*p**4/24 + p**3/6 - 186*p**2 + 27*p. Give m(w).
1
Let n(o) = o**3 + 10*o**2 + o + 7. Suppose 344 - 836 = 12*q. Let x = q + 31. Calculate n(x).
-3
Let j(t) = -356 - 364 - 362 - t - 9*t**2 + 1082. Suppose -3*k + 5*f = 13, -7*f + 3*f + 12 = -4*k. Calculate j(k).
-8
Let q(a) = -8*a + 5. Suppose 5*c - 25 = 0, -3*c = 3*x + c + 4. Let y be -1*((-5 - x) + -2)*-2. Determine q(y).
-11
Let f(y) = 14*y + 201. Let z be f(-14). Let v(r) = r**3 - 6*r**2 + 7*r - 8. Let a be v(z). Let h(m) = m**3 - m**2 - 2*m - 1. Give h(a).
-1
Let g(c) = 2*c**3 + 45*c - 180595 - c**3 - 45*c**2 + 180552. Calculate g(44).
1
Let p(o) = o**3 + o**2 + 7*o - 9. Suppose 5*i + 2*k - 45 = -29, 3*i + 3*k - 24 = 0. Give p(i).
-9
Let n(p) = -5*p - 59. Let h = 2530 - 2542. Determine n(h).
1
Let o(q) = -q**2 - 7*q + 84. Let w be (-12*2/14)/((-48)/(-28) - 2). Give o(w).
6
Let x(r) = 2 + 3 - 1500*r**2 + 498*r**2 + 503*r**2 - 35*r + 500*r**2 + 44*r. Let f = -8 + 4. Calculate x(f).
-15
Suppose -49*d + 11 = p - 47*d, -5 = 5*p - 2*d. Let r(l) = 56*l - 71 + 143 - 71 - 5*l. What is r(p)?
52
Let s(t) = t**2 - 100*t - 1470. Let g be s(-13). Let f(w) = w**2 + 7*w + 9. Let l be f(-6). Let r(u) = -l + 9*u**2 + 2 + 2. Give r(g).
10
Let j = -5 - 1. Let f(h) be the first derivative of h**3/3 + 4*h**2 + 8*h - 866. What is f(j)?
-4
Let g(h) = h**3 - 7*h**2 + 8*h - 7. Suppose -5*j = -2*x + 16, -21 + 25 = -2*j. Let y = 12 + -8. Suppose x*u = 4*m + 22, y*u + 18 = 4*m + 46. Calculate g(u).
5
Let t(n) = -63*n + 183. Let d(i) = -115*i + 363. Let j(m) = 6*d(m) - 11*t(m). Give j(-53).
6
Let h = 710 + -699. Let u(v) = -2*v**2 + 22*v + 8. Determine u(h).
8
Let v(j) = 2*j + 3. Let w(k) = k**3 - 7*k**2 + 9*k - 9. Let u be w(6). Suppose 6*m - 2*m = -10*t + 60, 0 = m + t - 6. Suppose 8*a - u - 23 = m. Determine v(a).
11
Let q(o) = 743*o**2 - 245*o - 742*o**2 + 240*o. Give q(7).
14
Let k(m) = m**2 - 26*m - 20. Let w = -13105 + 13131. Calculate k(w).
-20
Suppose 0 = 3*u + 18 + 27. Let t be u/(-10) + (-2)/4. Let g(d) = -66*d**2 - 11*d + 25. Let c(p) = 24*p**2 + 4*p - 9. Let w(k) = 39*c(k) + 14*g(k). Give w(t).
13
Let i(p) = -p + 1. Let b be i(7). Let s be b/36 + ((-11)/(-6))/(-1). Let u be (-15 + 8)*((s - -3) + -2). Let w(d) = d**2 - 7*d - 3. Determine w(u).
-3
Let l(q) be the second derivative of q**5/20 - q**4/3 + q**3/2 + q**2 - 64*q + 7. What is l(3)?
2
Let u(a) = 10 + 7*a**2 - 7 - a**3 - 2*a + 0 - 9*a**2. Let j(m) = -m**2 - m + 1. Let b(t) = 2*j(t) - u(t). Calculate b(0).
-1
Let l(f) be the first derivative of 7*f**2/2 - f - 28. Let y(b) = -b + 12. Let k be y(8). Suppose -5*o = -o - 3*h - 19, 0 = k*o - 2*h - 14. Determine l(o).
6
Let n = 7333 + -7327. Let r(b) = 5*b - 9. Calculate r(n).
21
Let r(u) = u**2 - 9*u - 134. Let p = -37055 + 37072. Calculate r(p).
2
Let y(v) be the third derivative of v**6/120 - v**5/20 - v**4/24 - 5*v**3/6 + 553*v**2 - 3. Let f = -3 + 0. Let d = 1 - f. Give y(d).
7
Let f(p) = -p**2 - p + 4. Let k(m) = -1. Let c(i) = f(i) + 5*k(i). Let t(v) = 2*v**2 + 8*v + 4. Let w(j) = 3*c(j) + t(j). What is w(6)?
-5
Let h(f) be the first derivative of 2*f**2 - 104*f + 5275. What is h(28)?
8
Let s be ((-7 - 54/(-7))*24/(-20))/((-4)/42). Let v(r) = r**2 + r - 1. Let g(c) = 5*c**2 - 5*c + 7. Let f(z) = -g(z) + 4*v(z). Give f(s).
-11
Suppose -2*j + 9*j = -42. Let s be (-28)/(-24) + 1/j. Let y(t) = 4*t**3 - t. Give y(s).
3
Let j = -5968 + 5973. Let o(l) = -l**3 + 4*l**2 + 3*l - 6. Give o(j).
-16
Let s = 13 - 29. Let t be 39*(-1 + s/(-12)). Suppose -3*g - 4 + t = 0. Let n(o) = o**3 - 2*o**2 - 2*o + 1. Calculate n(g).
4
Let k(z) = z**2 + 11*z + 18. Let c(w) = -11*w**2 + 8*w - 6. Let n be c(1). Let y be k(n). Let r(q) = -q**2 - 10. What is r(y)?
-10
Let c be -20*2/(-28)*35/10. Suppose -2*u - 2*u = c*z - 4, -2*z + 20 = -3*u. Let m(r) = -r**2 + r - 4. What is m(u)?
-24
Let r(n) = -n + 2*n + 2 - 2*n. Let m(g) = -2*g**3 + 8*g**2 + 28*g - 76. Let u be m(2). Give r(u).
6
Let f(v) be the first derivative of v**4/4 - 13*v**3/3 + 17*v**2 + 22*v + 1198. Determine f(9).
4
Let h(w) = -w**3 - 13*w**2 - 29*w + 6. Suppose 14*t + 50 = 9*t. Let u be h(t). Let o(v) = -2*v**2 - v. Give o(u).
-28
Let z(i) be the first derivative of -i**6/360 + i**5/60 + i**4/8 + 18*i**3 + 240. Let u(w) be the third derivative of z(w). Calculate u(3).
0
Let g(c) = c**2 + 51*c + 655. Let y be g(-28). Let a(b) = -b - 30. Calculate a(y).
-41
Suppose 4*t - 26 = 2*z, -7*t + 34 = -2*t - 2*z. Let j(d) = -19*d**2 - 10*d + 23*d**2